{"id":45,"date":"2020-11-16T15:24:09","date_gmt":"2020-11-16T15:24:09","guid":{"rendered":"https:\/\/kabera.de\/?page_id=45"},"modified":"2021-03-05T17:35:09","modified_gmt":"2021-03-05T17:35:09","slug":"informationen","status":"publish","type":"page","link":"https:\/\/staging.kabera.de\/index.php\/informationen\/","title":{"rendered":"Informationen"},"content":{"rendered":"\t\t<div data-elementor-type=\"wp-page\" data-elementor-id=\"45\" class=\"elementor elementor-45\">\n\t\t\t\t\t\t<section class=\"elementor-section elementor-top-section elementor-element elementor-element-480f092b elementor-section-stretched breadcrumbs elementor-section-boxed elementor-section-height-default elementor-section-height-default\" data-id=\"480f092b\" data-element_type=\"section\" data-settings=\"{&quot;stretch_section&quot;:&quot;section-stretched&quot;,&quot;background_background&quot;:&quot;classic&quot;}\">\n\t\t\t\t\t\t<div class=\"elementor-container elementor-column-gap-default\">\n\t\t\t\t\t<div class=\"elementor-column elementor-col-50 elementor-top-column elementor-element elementor-element-3fd21a4\" data-id=\"3fd21a4\" data-element_type=\"column\">\n\t\t\t<div class=\"elementor-widget-wrap elementor-element-populated\">\n\t\t\t\t\t\t<div class=\"elementor-element elementor-element-75c902f8 elementor-widget elementor-widget-heading\" data-id=\"75c902f8\" data-element_type=\"widget\" data-widget_type=\"heading.default\">\n\t\t\t\t<div class=\"elementor-widget-container\">\n\t\t\t\t\t<h3 class=\"elementor-heading-title elementor-size-default\">Informationen<\/h3>\t\t\t\t<\/div>\n\t\t\t\t<\/div>\n\t\t\t\t\t<\/div>\n\t\t<\/div>\n\t\t\t\t<div class=\"elementor-column elementor-col-50 elementor-top-column elementor-element elementor-element-380ef0d8\" data-id=\"380ef0d8\" data-element_type=\"column\">\n\t\t\t<div class=\"elementor-widget-wrap elementor-element-populated\">\n\t\t\t\t\t\t<div class=\"elementor-element elementor-element-4e538571 nomargin breadcrumb elementor-widget elementor-widget-text-editor\" data-id=\"4e538571\" data-element_type=\"widget\" data-widget_type=\"text-editor.default\">\n\t\t\t\t<div class=\"elementor-widget-container\">\n\t\t\t\t\t\t\t\t\t<p><a href=\"https:\/\/staging.kabera.de\/\">Home<\/a>\u00a0 \u00a0&gt;\u00a0 \u00a0<a href=\"https:\/\/staging.kabera.de\/index.php\/informationen\/\">Informationen<\/a><\/p>\t\t\t\t\t\t\t\t<\/div>\n\t\t\t\t<\/div>\n\t\t\t\t\t<\/div>\n\t\t<\/div>\n\t\t\t\t\t<\/div>\n\t\t<\/section>\n\t\t\t\t<section class=\"elementor-section elementor-top-section elementor-element elementor-element-29a02b3 elementor-section-stretched elementor-section-boxed elementor-section-height-default elementor-section-height-default\" data-id=\"29a02b3\" data-element_type=\"section\" data-settings=\"{&quot;stretch_section&quot;:&quot;section-stretched&quot;}\">\n\t\t\t\t\t\t<div class=\"elementor-container elementor-column-gap-default\">\n\t\t\t\t\t<div class=\"elementor-column elementor-col-100 elementor-top-column elementor-element elementor-element-659b14d desktop_extrapadd\" data-id=\"659b14d\" data-element_type=\"column\">\n\t\t\t<div class=\"elementor-widget-wrap elementor-element-populated\">\n\t\t\t\t\t\t<div class=\"elementor-element elementor-element-0773d09 elementor-widget elementor-widget-heading\" data-id=\"0773d09\" data-element_type=\"widget\" data-widget_type=\"heading.default\">\n\t\t\t\t<div class=\"elementor-widget-container\">\n\t\t\t\t\t<h4 class=\"elementor-heading-title elementor-size-default\">Informationen und Hintergr\u00fcnde zu Essst\u00f6rungen<\/h4>\t\t\t\t<\/div>\n\t\t\t\t<\/div>\n\t\t\t\t<div class=\"elementor-element elementor-element-3422063 elementor-widget elementor-widget-text-editor\" data-id=\"3422063\" data-element_type=\"widget\" data-widget_type=\"text-editor.default\">\n\t\t\t\t<div class=\"elementor-widget-container\">\n\t\t\t\t\t\t\t\t\t<p>Die gesch\u00e4tzten Zahlen der von Ess-Brechsucht (Bulimia nervosa), Magersucht (Anorexia nervosa) und Binge-Eating-Disorder Betroffenen in Deutschland reichen von 500 000 bis zu 2 Millionen und die Tendenz ist weiterhin steigend. 95% der Betroffenen sind Frauen und M\u00e4dchen im Alter zwischen dem Beginn der Pubert\u00e4t und dem 45. Lebensjahr. Mittlerweile ist jedoch ein Zuwachs von Personen oberhalb dieser Grenze sowie von m\u00e4nnlichem Klientel zu verzeichnen. Hinzu kommen diejenigen, die eine Adipositas im Zusammenhang mit emotionalen St\u00f6rungen aufweisen. Auch diese Zahl steigt von Jahr zu Jahr an.<\/p><p>Grunds\u00e4tzlich wird davon ausgegangen, dass sich hinter dem auff\u00e4lligen Essverhalten von essgest\u00f6rten Menschen tiefgreifende Lebenskonflikte verbergen, die letztlich auf komplexe soziokulturelle, famili\u00e4re und pers\u00f6nliche Problemzusammenh\u00e4nge zur\u00fcckzuf\u00fchren sind. Als gesellschaftliche Einflussfaktoren sind vor allem das herrschende Schlankheitsideal sowie unterschiedliche, sich widersprechende Rollenanforderungen an Frauen von Bedeutung. Essst\u00f6rungen gelten auch als Reaktion auf schwierige Lebensumst\u00e4nde und Problemlagen, die die Betroffenen nicht angemessen bew\u00e4ltigen k\u00f6nnen.<\/p>\t\t\t\t\t\t\t\t<\/div>\n\t\t\t\t<\/div>\n\t\t\t\t\t<\/div>\n\t\t<\/div>\n\t\t\t\t\t<\/div>\n\t\t<\/section>\n\t\t\t\t<section class=\"elementor-section elementor-top-section elementor-element elementor-element-8cc03e1 elementor-section-boxed elementor-section-height-default elementor-section-height-default\" data-id=\"8cc03e1\" data-element_type=\"section\">\n\t\t\t\t\t\t<div class=\"elementor-container elementor-column-gap-default\">\n\t\t\t\t\t<div class=\"elementor-column elementor-col-100 elementor-top-column elementor-element elementor-element-a10d00e\" data-id=\"a10d00e\" data-element_type=\"column\">\n\t\t\t<div class=\"elementor-widget-wrap elementor-element-populated\">\n\t\t\t\t\t\t<div class=\"elementor-element elementor-element-3d83f28 elementor-widget elementor-widget-toggle\" data-id=\"3d83f28\" data-element_type=\"widget\" data-widget_type=\"toggle.default\">\n\t\t\t\t<div class=\"elementor-widget-container\">\n\t\t\t\t\t\t\t<div class=\"elementor-toggle\">\n\t\t\t\t\t\t\t<div class=\"elementor-toggle-item\">\n\t\t\t\t\t<div id=\"elementor-tab-title-6451\" class=\"elementor-tab-title\" data-tab=\"1\" role=\"button\" aria-controls=\"elementor-tab-content-6451\" aria-expanded=\"false\">\n\t\t\t\t\t\t\t\t\t\t\t\t<span class=\"elementor-toggle-icon elementor-toggle-icon-left\" aria-hidden=\"true\">\n\t\t\t\t\t\t\t\t\t\t\t\t\t\t\t<span class=\"elementor-toggle-icon-closed\"><i class=\"fas fa-plus\"><\/i><\/span>\n\t\t\t\t\t\t\t\t<span class=\"elementor-toggle-icon-opened\"><i class=\"elementor-toggle-icon-opened fas fa-minus\"><\/i><\/span>\n\t\t\t\t\t\t\t\t\t\t\t\t\t<\/span>\n\t\t\t\t\t\t\t\t\t\t\t\t<a class=\"elementor-toggle-title\" tabindex=\"0\">Selbsttest: Ist mein Essverhalten gest\u00f6rt?<\/a>\n\t\t\t\t\t<\/div>\n\n\t\t\t\t\t<div id=\"elementor-tab-content-6451\" class=\"elementor-tab-content elementor-clearfix\" data-tab=\"1\" role=\"region\" aria-labelledby=\"elementor-tab-title-6451\"><p>Lies dir die folgenden Aussagen aufmerksam durch und \u00fcberlege, was zutrifft:<\/p>\n<ul class=\"aufzaehlung\">\n<li><span class=\"li\">Ich denke oft an Essen oder Nichtessen<\/span><\/li>\n<li><span class=\"li\">Ich plane mein Essen ganz genau<\/span><\/li>\n<li><span class=\"li\">Abweichungen von meiner Planung kann ich schlecht ertragen<\/span><\/li>\n<li><span class=\"li\">Ich esse mal gar nicht, mal l\u00e4ngere Zeit wenig, dann wieder ganz viel<\/span><\/li>\n<li><span class=\"li\">Ich verbiete mir bestimmte Nahrungsmittel, vor allem, wenn sie fett oder s\u00fc\u00df sind<\/span><\/li>\n<li><span class=\"li\">Nach dem Essen habe ich ein schlechtes Gewissen<\/span><\/li>\n<li><span class=\"li\">Nach dem Essen empfinde ich Scham und Ekel<\/span><\/li>\n<li><span class=\"li\">Essen macht mir Angst<\/span><\/li>\n<li><span class=\"li\">Wie viel ich esse, h\u00e4ngt von meiner Stimmung ab<\/span><\/li>\n<li><span class=\"li\">Wenn ich d\u00fcnner w\u00e4re, h\u00e4tte ich weniger Probleme<\/span><\/li>\n<li><span class=\"li\">Ich beruhige mich oft durch Essen<\/span><\/li>\n<li><span class=\"li\">Meine Stimmung ist von dem Ergebnis der Waage abh\u00e4ngig<\/span><\/li>\n<li><span class=\"li\">Ich koche sehr gerne f\u00fcr andere, esse dann aber nicht mit<\/span><\/li>\n<li><span class=\"li\">Ich achte sehr darauf, was die anderen essen<\/span><\/li>\n<li><span class=\"li\">Ich bem\u00fche mich, oft weniger als andere zu essen<\/span><\/li>\n<li><span class=\"li\">Ich esse lieber alleine als in Gesellschaft<\/span><\/li>\n<li><span class=\"li\">Ich kann nicht erkennen, ob ich hungrig oder satt bin<\/span><\/li>\n<li><span class=\"li\">Ich vergleiche mein Aussehen st\u00e4ndig mit anderen<\/span><\/li>\n<li><span class=\"li\">Ich f\u00fchle mich oft zu dick, obwohl ich Normalgewicht habe<\/span><\/li>\n<li><span class=\"li\">Ich kontrolliere mein Aussehen st\u00e4ndig<\/span><\/li>\n<li><span class=\"li\">Ich probiere immer wieder Di\u00e4ten aus<\/span><\/li>\n<li><span class=\"li\">Ich wiege mich mehrmals die Woche<\/span><\/li>\n<li><span class=\"li\">Ich denke oft ans Abnehmen, obwohl ich Normalgewicht habe<\/span><\/li>\n<li><span class=\"li\">Ich vermeide es m\u00f6glichst, meinen K\u00f6rper zu ber\u00fchren oder mich im Spiegel anzusehen<\/span><\/li>\n<\/ul>\n<p>Wenn mehrere Aussagen zutreffen, liegen dein Essverhalten und dein K\u00f6rpergef\u00fchl wahrscheinlich nicht mehr in einem gesunden Bereich.<\/p><\/div>\n\t\t\t\t<\/div>\n\t\t\t\t\t\t\t\t<\/div>\n\t\t\t\t\t\t<\/div>\n\t\t\t\t<\/div>\n\t\t\t\t<div class=\"elementor-element elementor-element-91ebb39 elementor-widget elementor-widget-toggle\" data-id=\"91ebb39\" data-element_type=\"widget\" data-widget_type=\"toggle.default\">\n\t\t\t\t<div class=\"elementor-widget-container\">\n\t\t\t\t\t\t\t<div class=\"elementor-toggle\">\n\t\t\t\t\t\t\t<div class=\"elementor-toggle-item\">\n\t\t\t\t\t<div id=\"elementor-tab-title-1531\" class=\"elementor-tab-title\" data-tab=\"1\" role=\"button\" aria-controls=\"elementor-tab-content-1531\" aria-expanded=\"false\">\n\t\t\t\t\t\t\t\t\t\t\t\t<span class=\"elementor-toggle-icon elementor-toggle-icon-left\" aria-hidden=\"true\">\n\t\t\t\t\t\t\t\t\t\t\t\t\t\t\t<span class=\"elementor-toggle-icon-closed\"><i class=\"fas fa-plus\"><\/i><\/span>\n\t\t\t\t\t\t\t\t<span class=\"elementor-toggle-icon-opened\"><i class=\"elementor-toggle-icon-opened fas fa-minus\"><\/i><\/span>\n\t\t\t\t\t\t\t\t\t\t\t\t\t<\/span>\n\t\t\t\t\t\t\t\t\t\t\t\t<a class=\"elementor-toggle-title\" tabindex=\"0\">Buch- und Filmempfehlungen<\/a>\n\t\t\t\t\t<\/div>\n\n\t\t\t\t\t<div id=\"elementor-tab-content-1531\" class=\"elementor-tab-content elementor-clearfix\" data-tab=\"1\" role=\"region\" aria-labelledby=\"elementor-tab-title-1531\"><p>In den folgenden Dokumenten haben wir einige Buch- und Filmempfehlungen gesammelt, die erste Eindr\u00fccke in die Thematik, aber auch umfangreichere Unterst\u00fctzung bieten.<\/p><p><a href=\"http:\/\/kabera.de\/wp-content\/uploads\/2021\/03\/Buchempfehlungen-Kabera_Vorschau-1.jpg\" target=\"_blank\" rel=\"noopener\">\u00a0 <\/a><a href=\"https:\/\/staging.kabera.de\/wp-content\/uploads\/2021\/02\/Buchempfehlungen-Kabera.pdf\" target=\"_blank\" rel=\"noopener\"><img fetchpriority=\"high\" decoding=\"async\" class=\"vorschau_pdf  alignnone wp-image-3261\" src=\"https:\/\/staging.kabera.de\/wp-content\/uploads\/2021\/03\/Buchempfehlungen-Kabera_Vorschau-1.jpg\" alt=\"\" width=\"385\" height=\"799\" \/> \u00a0 \u00a0<\/a><a href=\"https:\/\/staging.kabera.de\/wp-content\/uploads\/2021\/02\/Buchempfehlungen-Kabera.pdf\" target=\"_blank\" rel=\"noopener\"><img decoding=\"async\" class=\"vorschau_pdf  alignnone wp-image-3262 size-full\" src=\"https:\/\/staging.kabera.de\/wp-content\/uploads\/2021\/03\/Buchempfehlungen-Kabera_Vorschau-2.jpg\" alt=\"\" width=\"1226\" height=\"1736\" srcset=\"https:\/\/staging.kabera.de\/wp-content\/uploads\/2021\/03\/Buchempfehlungen-Kabera_Vorschau-2.jpg 1226w, https:\/\/staging.kabera.de\/wp-content\/uploads\/2021\/03\/Buchempfehlungen-Kabera_Vorschau-2-212x300.jpg 212w, https:\/\/staging.kabera.de\/wp-content\/uploads\/2021\/03\/Buchempfehlungen-Kabera_Vorschau-2-723x1024.jpg 723w, https:\/\/staging.kabera.de\/wp-content\/uploads\/2021\/03\/Buchempfehlungen-Kabera_Vorschau-2-768x1087.jpg 768w, https:\/\/staging.kabera.de\/wp-content\/uploads\/2021\/03\/Buchempfehlungen-Kabera_Vorschau-2-1085x1536.jpg 1085w, https:\/\/staging.kabera.de\/wp-content\/uploads\/2021\/03\/Buchempfehlungen-Kabera_Vorschau-2-830x1175.jpg 830w, https:\/\/staging.kabera.de\/wp-content\/uploads\/2021\/03\/Buchempfehlungen-Kabera_Vorschau-2-230x326.jpg 230w, https:\/\/staging.kabera.de\/wp-content\/uploads\/2021\/03\/Buchempfehlungen-Kabera_Vorschau-2-350x496.jpg 350w, https:\/\/staging.kabera.de\/wp-content\/uploads\/2021\/03\/Buchempfehlungen-Kabera_Vorschau-2-480x680.jpg 480w\" sizes=\"(max-width: 1226px) 100vw, 1226px\" \/><\/a><\/p><p><a href=\"https:\/\/staging.kabera.de\/wp-content\/uploads\/2021\/02\/Buchempfehlungen-Kabera.pdf\">Buchempfehlungen Kabera<\/a>\u00a0<\/p><p><a href=\"http:\/\/kabera.de\/wp-content\/uploads\/2021\/03\/Filmempfehlungen-Kabera_Vorschau-2.jpg\" target=\"_blank\" rel=\"noopener\">\u00a0 <\/a><a href=\"https:\/\/staging.kabera.de\/wp-content\/uploads\/2021\/02\/Filmempfehlungen-Kabera.pdf\" target=\"_blank\" rel=\"noopener\"><img decoding=\"async\" class=\"vorschau_pdf  alignnone wp-image-3258\" src=\"https:\/\/staging.kabera.de\/wp-content\/uploads\/2021\/03\/Filmempfehlungen-Kabera_Vorschau-1.jpg\" alt=\"\" width=\"388\" height=\"609\" \/>\u00a0\u00a0 <\/a><a href=\"https:\/\/staging.kabera.de\/wp-content\/uploads\/2021\/02\/Filmempfehlungen-Kabera.pdf\" target=\"_blank\" rel=\"noopener\"><img loading=\"lazy\" decoding=\"async\" class=\"vorschau_pdf  alignnone wp-image-3260 size-full\" src=\"https:\/\/staging.kabera.de\/wp-content\/uploads\/2021\/03\/Filmempfehlungen-Kabera_Vorschau-2.jpg\" alt=\"\" width=\"1230\" height=\"1738\" srcset=\"https:\/\/staging.kabera.de\/wp-content\/uploads\/2021\/03\/Filmempfehlungen-Kabera_Vorschau-2.jpg 1230w, https:\/\/staging.kabera.de\/wp-content\/uploads\/2021\/03\/Filmempfehlungen-Kabera_Vorschau-2-212x300.jpg 212w, https:\/\/staging.kabera.de\/wp-content\/uploads\/2021\/03\/Filmempfehlungen-Kabera_Vorschau-2-725x1024.jpg 725w, https:\/\/staging.kabera.de\/wp-content\/uploads\/2021\/03\/Filmempfehlungen-Kabera_Vorschau-2-768x1085.jpg 768w, https:\/\/staging.kabera.de\/wp-content\/uploads\/2021\/03\/Filmempfehlungen-Kabera_Vorschau-2-1087x1536.jpg 1087w, https:\/\/staging.kabera.de\/wp-content\/uploads\/2021\/03\/Filmempfehlungen-Kabera_Vorschau-2-830x1173.jpg 830w, https:\/\/staging.kabera.de\/wp-content\/uploads\/2021\/03\/Filmempfehlungen-Kabera_Vorschau-2-230x325.jpg 230w, https:\/\/staging.kabera.de\/wp-content\/uploads\/2021\/03\/Filmempfehlungen-Kabera_Vorschau-2-350x495.jpg 350w, https:\/\/staging.kabera.de\/wp-content\/uploads\/2021\/03\/Filmempfehlungen-Kabera_Vorschau-2-480x678.jpg 480w\" sizes=\"(max-width: 1230px) 100vw, 1230px\" \/><\/a><\/p><p><a href=\"https:\/\/staging.kabera.de\/wp-content\/uploads\/2021\/02\/Filmempfehlungen-Kabera.pdf\">Filmempfehlungen Kabera<\/a><\/p><\/div>\n\t\t\t\t<\/div>\n\t\t\t\t\t\t\t\t<\/div>\n\t\t\t\t\t\t<\/div>\n\t\t\t\t<\/div>\n\t\t\t\t\t<\/div>\n\t\t<\/div>\n\t\t\t\t\t<\/div>\n\t\t<\/section>\n\t\t\t\t<\/div>\n\t\t","protected":false},"excerpt":{"rendered":"<p>Informationen Home\u00a0 \u00a0&gt;\u00a0 \u00a0Informationen Informationen und Hintergr\u00fcnde zu Essst\u00f6rungen Die gesch\u00e4tzten Zahlen der von Ess-Brechsucht (Bulimia nervosa), Magersucht (Anorexia nervosa) und Binge-Eating-Disorder [&hellip;]<\/p>\n","protected":false},"author":1,"featured_media":0,"parent":0,"menu_order":0,"comment_status":"closed","ping_status":"closed","template":"elementor_header_footer","meta":{"footnotes":""},"class_list":["post-45","page","type-page","status-publish","hentry"],"_links":{"self":[{"href":"https:\/\/staging.kabera.de\/index.php\/wp-json\/wp\/v2\/pages\/45","targetHints":{"allow":["GET"]}}],"collection":[{"href":"https:\/\/staging.kabera.de\/index.php\/wp-json\/wp\/v2\/pages"}],"about":[{"href":"https:\/\/staging.kabera.de\/index.php\/wp-json\/wp\/v2\/types\/page"}],"author":[{"embeddable":true,"href":"https:\/\/staging.kabera.de\/index.php\/wp-json\/wp\/v2\/users\/1"}],"replies":[{"embeddable":true,"href":"https:\/\/staging.kabera.de\/index.php\/wp-json\/wp\/v2\/comments?post=45"}],"version-history":[{"count":67,"href":"https:\/\/staging.kabera.de\/index.php\/wp-json\/wp\/v2\/pages\/45\/revisions"}],"predecessor-version":[{"id":3272,"href":"https:\/\/staging.kabera.de\/index.php\/wp-json\/wp\/v2\/pages\/45\/revisions\/3272"}],"wp:attachment":[{"href":"https:\/\/staging.kabera.de\/index.php\/wp-json\/wp\/v2\/media?parent=45"}],"curies":[{"name":"wp","href":"https:\/\/api.w.org\/{rel}","templated":true}]}}